4
Let h(w) = w**3 - 6*w**2 + 4*w - 1. Determine h(7).
76
Let x(h) = -6*h**2 - 116*h - 203. What is x(-16)?
117
Let i(g) = 2*g**2 + 227*g - 3630. Determine i(15).
225
Let l(s) = 2*s**2 + 16*s - 43. What is l(-12)?
53
Let p(r) = 9079*r + 34. Determine p(0).
34
Let p(v) = -2*v**3 + 8*v**2 + 2*v + 56. What is p(5)?
16
Let d(j) = 78*j + 490. Determine d(-6).
22
Let k(r) = -r**2 + 12*r + 55. What is k(12)?
55
Let l(r) = -7*r**3 - 45*r**2 - 30*r - 418. Calculate l(-7).
-12
Let l(u) = 11*u + 114. Calculate l(-8).
26
Let r(q) = -14*q**2 + 250*q - 472. Give r(16).
-56
Let d(n) = -45*n - 186. What is d(-9)?
219
Let g(b) = -2*b**2 - 366*b + 5508. What is g(-197)?
-8
Let u(b) = 54*b - 2764. What is u(51)?
-10
Let r(c) = -2*c**3 + 23*c**2 + 69*c + 1. What is r(14)?
-13
Let j(l) = 148*l - 3412. Calculate j(23).
-8
Let p(f) = 130*f + 324. What is p(-3)?
-66
Let v(w) = w**3 + 13*w**2 + 327*w + 3784. Give v(-12).
4
Let m(s) = -5*s**2 - 15*s - 119. Determine m(-6).
-209
Let f(k) = 78*k + 148. Calculate f(-5).
-242
Let t(r) = 76*r - 517. What is t(17)?
775
Let t(n) = 2*n**2 - 5*n - 11. Give t(4).
1
Let m(u) = -30*u - 2257. Give m(-75).
-7
Let t(b) = -178*b + 140. Give t(1).
-38
Let i(o) = -o**3 - 9*o**2 + 190*o - 42. Determine i(10).
-42
Let r(t) = t**2 + 5*t - 744. Calculate r(26).
62
Let b(o) = o**3 + 52*o**2 + 86*o - 694. What is b(-50)?
6
Let l(f) = 21*f**3 + f**2 + 5*f - 5. Give l(-2).
-179
Let v(z) = -59*z - 387. Calculate v(-6).
-33
Let y(u) = u**3 - 21*u**2 + 26*u - 96. Calculate y(20).
24
Let p(y) = -18*y**2 - 677*y + 973. Determine p(-39).
-2
Let g(r) = r**3 + 236*r**2 + 12558*r + 468. Calculate g(-155).
3
Let z(k) = -21*k - 1101. What is z(-53)?
12
Let x(t) = -56*t - 415. Calculate x(-7).
-23
Let k(j) = j**3 - 5*j**2 + 5*j - 1. What is k(6)?
65
Let g(z) = z**3 + 92*z**2 + 436*z + 94. Give g(-87).
7
Let r(y) = 3*y**2 - 409*y - 609. What is r(138)?
81
Let f(i) = -2*i**3 + 4*i. Determine f(4).
-112
Let g(k) = 12*k**3 + 107*k**2 - 9*k - 23. Give g(-9).
-23
Let i(d) = -192*d**3 + d**2 - 2*d + 2. Determine i(1).
-191
Let d(o) = -33*o + 595. What is d(19)?
-32
Let b(z) = -39*z - 1472. Determine b(-38).
10
Let n(o) = -3*o**2 - 98*o + 77. Give n(-33).
44
Let r(y) = -y**2 + 34*y + 827. Give r(50).
27
Let a(m) = -m**3 - 4*m + 233. What is a(0)?
233
Let x(y) = -2*y**3 + 75*y**2 - 33*y - 160. Calculate x(37).
-12
Let y(p) = -2*p**3 - 30*p**2 - 2*p - 29. Give y(-15).
1
Let h(a) = -5*a**3 + 29*a**2 - 10*a - 1. What is h(1)?
13
Let u(q) = 3*q**3 - 50*q**2 - 79*q + 127. Give u(18).
1
Let g(w) = w**3 + 2*w**2 - 60*w + 18. Give g(0).
18
Let w(l) = -23*l + 125. Determine w(0).
125
Let n(k) = 12*k**2 + 11*k - 38. Give n(0).
-38
Let j(m) = 3*m**3 - 1235*m**2 - 4149*m - 430. Calculate j(415).
-15
Let h(y) = -2*y**2 - 41*y - 203. Give h(-9).
4
Let z(s) = 2*s**3 - s**2 + 11*s - 8. What is z(-4)?
-196
Let s(g) = -g**3 + 24*g**2 + 14*g - 7. Give s(24).
329
Let s(p) = -61*p - 2376. Give s(-39).
3
Let i(o) = 180*o - 2872. Determine i(16).
8
Let j(m) = 2*m**2 - 10*m - 78. What is j(9)?
-6
Let q(n) = -n**3 - 42*n**2 + 92*n - 1931. Determine q(-45).
4
Let u(w) = -2*w**3 + 20*w**2 - 38*w + 46. Calculate u(8).
-2
Let y(l) = -2*l**3 - 164*l**2 + 5*l - 21. Give y(-82).
-431
Let f(l) = -10*l**2 + 78*l - 174. Determine f(2).
-58
Let j(c) = -48*c**2 + 1157*c - 100. Calculate j(24).
20
Let l(r) = -50*r + 322. Determine l(5).
72
Let c(l) = 922*l + 5537. Calculate c(-6).
5
Let j(k) = 79*k - 1883. Give j(24).
13
Let i(v) = -v**3 + 136*v**2 + 272*v + 542. What is i(138)?
-10
Let g(o) = -48*o - 152. What is g(-4)?
40
Let u(q) = -16*q**2 - 140*q + 3969. Calculate u(12).
-15
Let i(f) = 141*f - 592. Give i(4).
-28
Let t(z) = 66*z + 55. Determine t(-6).
-341
Let z(v) = -34*v**2 - 84*v + 3. What is z(-3)?
-51
Let l(v) = v**3 + 14*v**2 - 36*v - 31. Determine l(-17).
-286
Let y(a) = a + 65. Calculate y(-6).
59
Let g(x) = -x**3 - 35*x**2 - 243*x + 50. Give g(-26).
284
Let j(f) = 6*f**2 - 6*f - 65. What is j(4)?
7
Let o(j) = -21*j - 23. Give o(-1).
-2
Let m(w) = 409*w - 4106. Determine m(10).
-16
Let w(x) = -31*x**3 - 92*x**2 + 3*x - 16. Give w(-3).
-16
Let j(g) = 99*g - 3646. Give j(37).
17
Let g(d) = 2*d**3 - 25*d**2 - 2*d + 29. Determine g(13).
172
Let c(d) = -6*d**2 - 769*d - 769. Give c(-1).
-6
Let h(a) = -81*a - 2565. Give h(-32).
27
Let p(b) = 4*b**3 - 4*b**2 - 56*b - 50. What is p(-5)?
-370
Let t(p) = -166*p - 2156. What is t(-13)?
2
Let b(g) = 3*g**3 - 46*g**2 - 5*g + 18. Determine b(15).
-282
Let q(a) = -6*a - 199. What is q(-31)?
-13
Let r(a) = -143*a**2 - 4*a + 5. Calculate r(1).
-142
Let u(o) = -2*o**2 + 104*o - 1314. Calculate u(30).
6
Let y(t) = 58*t + 1228. Give y(-21).
10
Let h(n) = -n**3 + 64*n**2 - 950*n + 150. What is h(23)?
-11
Let t(y) = 47*y + 220. Determine t(6).
502
Let q(w) = -58*w - 7989. Give q(-138).
15
Let v(c) = 2402*c + 7214. Calculate v(-3).
8
Let v(c) = 5*c**2 + 55*c - 1021. What is v(10)?
29
Let f(s) = 15*s + 603. Calculate f(-40).
3
Let g(a) = a**3 + 2*a**2 - 7*a + 11. Calculate g(7).
403
Let r(j) = -15261*j - 152605. What is r(-10)?
5
Let w(b) = -666*b**2 - 3997*b + 1. Give w(-6).
7
Let o(m) = m**3 - 25*m**2 + 152*m - 1029. Give o(20).
11
Let o(d) = -160*d - 503. Give o(-3).
-23
Let r(n) = 4*n**2 + 53*n + 22. Give r(-16).
198
Let g(w) = -30*w**2 - 16*w - 17. Calculate g(-1).
-31
Let m(b) = 169*b + 27379. What is m(-162)?
1
Let o(t) = 4*t**3 - 33*t**2 + 11*t - 30. Determine o(8).
-6
Let o(c) = -23125*c - 23128. Give o(-1).
-3
Let s(f) = -281*f - 24729. Determine s(-88).
-1
Let k(s) = -s**2 - 122*s - 1093. Calculate k(-112).
27
Let b(z) = -2*z**2 + 87*z + 355. Determine b(46).
125
Let j(l) = 13*l - 23. Determine j(13).
146
Let v(m) = 2*m**3 + 92*m**2 + 24*m + 1098. Determine v(-46).
-6
Let y(b) = -65*b + 150. Calculate y(2).
20
Let y(b) = -5989*b + 41909. Calculate y(7).
-14
Let u(h) = -h**3 - 76*h**2 - 335*h - 3375. What is u(-72)?
9
Let f(c) = -7*c**3 + 148*c**2 - 200*c + 3760. Calculate f(21).
1
Let v(r) = 3*r**3 + 6*r**2 + 109*r - 345. Give v(3).
117
Let t(r) = -2*r**2 + 633*r - 17974. Give t(285).
-19
Let k(d) = 4100*d - 4. Give k(0).
-4
Let h(n) = 8*n**3 - 7*n**2 + 79*n - 75. Give h(1).
5
Let n(w) = 2*w**2 + 27*w + 77. Calculate n(-10).
7
Let z(c) = 63*c + 115. Determine z(-7).
-326
Let c(x) = 4*x**3 + 345*x**2 + 96*x + 849. Determine c(-86).
-11
Let s(y) = -y**3 + 10*y**2 - 16*y + 116. What is s(9)?
53
Let s(q) = 83*q - 235. Give s(3).
14
Let j(m) = 50*m - 2308. Calculate j(46).
-8
Let b(l) = -l**3 + 6*l**2 + 205*l - 1517. What is b(8)?
-5
Let n(q) = q**2 - 2*q - 74. Determine n(-7).
-11
Let u(d) = 5*d + 548. Calculate u(-47).
313
Let v(h) = -4378*h + 4392. Give v(1).
14
Let w(h) = 3*h**2 - 52*h - 92. Determine w(14).
-232
Let f(o) = -o**2 + 9775*o + 29329. Give f(-3).
-5
Let y(q) = -85*q - 3744. Calculate y(-44).
-4
Let a(j) = -j**2 + j + 699. Determine a(-26).
-3
Let i(y) = y**3 - 6*y**2 + 7*y - 23. Give i(6).
19
Let c(q) = 24*q + 8. Calculate c(5).
128
Let x(b) = 43*b + 545. Determine x(-7).
244
Let x(l) = 61*l + 5383. Give x(-88).
15
Let y(l) = -6*l - 48. Give y(16).
-144
Let o(v) = 13*v**2 - 199*v + 54. What is o(15)?
-6
Let r(z) = z**2 + 3*z - 193. Determine r(12).
-13
Let k(n) = 19871*n - 59613. Calculate k(3).
0
Let s(t) = -12*t**2 - 227*t + 12. Determine s(-19).
-7
Let d(a) = -2*a**2 + 141*a + 1351. Give d(79).
8
Let p(q) = q**2 + 68*q + 330. What is p(-5)?
15
Let o(x) = 458*x + 143. Determine o(0).
143
Let t(m) = -221*m + 1992. Calculate t(9).
3
Let c(o) = 6*o**3 - 505*o**2 + 1067*o - 80. Calculate c(82).
2
Let m(y) = y**2 - 173*y + 1930. What is m(12)?
-2
Let f(h) = h**2 - 131*h + 1501. Give f(12).
73
Let k(t) = 174*t - 723. Give k(6).
321
Let f(j) = -2*j**3 + 8*j + 359. What is f(0)?
359
Let o(n) = -3*n**2 + 10*n + 310. Calculate o(12).
-2
Let z(p) = 36*p**3 - 10190*p**2 + 571*p - 1414. What is z(283)?
1
Let z(h) = 30*h + 37. What is z(-10)?
-263
Let h(b) = -15*b**2 + 12*b - 12. What is h(1)?
-15
Let c(b) = 343*b - 1808. Calculate c(5).
-93
Let j(g) = 713*g - 11348. What is j(16)?
60
Let t(r) = r**2 - 3*r - 143. Give t(14).
11
Let o(t) = -t**3 + 15*t**2 - 33*t - 60. What is o(12)?
-24
Let a(s) = s**2 + 67*s - 344. Give a(5).
16
Let p(l) = 3*l**3 + 115*l**2 + 40*l + 66. Calculate p(-38).
-10
Let y(m) = 2*m**2 + 139*m - 515. Determine y(-73).
-4
Let